actors of o.
2, 3, 113
Suppose u = -6*u - 154. Let b = u + 45. Suppose 2*i - 11 - b = 0. List the prime factors of i.
17
What are the prime factors of (-443265)/(-25) - (-10 + (-371)/(-35))?
2, 3, 5, 197
Let t(w) = -14*w + 35. Suppose 2*y = -r + 4, r - 2*y + 8 = -8. Let s(x) = -15*x + 34. Let p(n) = r*s(n) + 5*t(n). List the prime factors of p(6).
7, 13
Let k = 44563 + -24014. What are the prime factors of k?
20549
Suppose 0 = -14*s + 125 - 41. Suppose s*b - 1203 = 2367. What are the prime factors of b?
5, 7, 17
List the prime factors of 11203/4 - (312/(-702) - 43/(-36)).
2, 5, 7
Suppose 0*i - i + 4*u = -88, -5*i = 2*u - 396. Let r(t) = t**2 - i*t + 93*t - 18 - 6. What are the prime factors of r(-15)?
2, 3
Let w(b) = -2*b + 3. Let a be w(-1). Suppose a*u + 360 = -5*q + 1015, 2*u + q = 262. List the prime factors of u.
131
Suppose -3*g = -4*u + 27384, -2*g - 46386 = -5*u - 12156. List the prime factors of u.
2, 3, 7, 163
Let z be (8181/12 - -1) + (-1)/(-4). Suppose -f - z = -1317. What are the prime factors of f?
2, 317
Let h = 113250 + -63802. What are the prime factors of h?
2, 7, 883
Let z = 5420 + -2621. List the prime factors of z.
3, 311
Suppose -3*y - 3*n + 31476 = 0, 0 = -366*y + 364*y - 5*n + 20975. What are the prime factors of y?
5, 2099
Suppose 4*t - 34166 = 3*o, 4*o = 4*t - 28204 - 5956. What are the prime factors of t?
2, 4273
What are the prime factors of 93*(-19 + 11594/33)?
31, 997
Let f(g) = g**3 + 63*g**2 - 82*g + 10. What are the prime factors of f(-53)?
2, 16223
Let x = 12 + -12. Let w be (x - (-9 + 2)) + (1 - -1). Let a = w - -17. List the prime factors of a.
2, 13
List the prime factors of (54768/(-108))/(40/(-540)).
2, 3, 7, 163
Let c(u) = -21*u - 1. Let m be c(-6). Suppose -127*h + m*h = -144. List the prime factors of h.
2, 3
Let d(c) = 3*c**3 - 7*c**2 - 69*c + 14. What are the prime factors of d(13)?
5, 181
Let w be 3/6*-4 + (24 - -3). Suppose -4*i - 9 = -w. Suppose -i*z - 91 = -u, z + 3*z - 289 = -3*u. List the prime factors of u.
5, 19
Let d(i) = -i**3 - 3*i**2 + 4*i. Let a be d(-4). Suppose a*f - 3*f = -105. Let u = -19 + f. What are the prime factors of u?
2
Let d(n) = n**3 + 37*n**2 - 2*n - 72. Let z be d(-37). Suppose 285 = 2*m + v - 477, 770 = z*m + 3*v. List the prime factors of m.
379
Let p be ((-4)/6)/(8/(-48)). List the prime factors of p/(-10) + 11810/25.
2, 59
Let d = 7 + -1. Let i(c) be the first derivative of c**4/4 - 5*c**3/3 + 3*c**2/2 - 4*c + 3. What are the prime factors of i(d)?
2, 5
Suppose 0 = -77*n - 11*n - 169707 + 1285019. What are the prime factors of n?
2, 6337
Let j be ((-812)/5)/((-1)/(-15)*-3). Let p = j - 457. List the prime factors of p.
5, 71
Let t(k) = 3*k**2 - 7*k - 6. Let h be t(9). Let v be (48/(-9))/((-4)/h). Suppose 0*p - 4*p = -v. List the prime factors of p.
2, 29
Suppose q = -4*p + 3, 4*p - 5*p + 20 = 2*q. Suppose 3*i + 5712 = q*i. What are the prime factors of i?
2, 3, 7, 17
Suppose 0 = -4*x + o + 351 + 70, 510 = 5*x + 2*o. Suppose 0 = -3*b - 5*b + 576. Let g = x - b. List the prime factors of g.
2
Suppose 66 = s + 4*i, 0*s - 258 = -5*s + 4*i. Let x = -181 + s. Let b = x + 257. What are the prime factors of b?
2, 5, 13
List the prime factors of (-275 - -3 - 1)/((-9)/(58 + 5)).
3, 7, 13
Let w be (-1 - (4 - 6)) + 2 + -1. Let a(m) = 259*m - 17. What are the prime factors of a(w)?
3, 167
Suppose 0*q = -2*q + 8. What are the prime factors of ((-5)/((-5)/(-7)) + q)*-51?
3, 17
Let u = 235 - 221. Suppose u*w + 358 = 7750. List the prime factors of w.
2, 3, 11
Suppose -h - 427 = -3*h - 3*i, -h - 4*i + 211 = 0. Suppose 660 = 7*v - h. Let m = -6 + v. List the prime factors of m.
7, 17
Let q(a) = -48*a + 13. Let n be q(-9). Let d = 374 + -131. Suppose -5*i + 2*i + d = 3*p, -5*i + n = -5*p. What are the prime factors of i?
5, 17
Let s be (2/(-7))/((-4)/28). Suppose 0 = -s*f + 2*j + 512, -f - 5*j + 226 = -0*f. What are the prime factors of f?
251
Let w be (-8 - (-762)/12)/(3/6). Let d = 242 - w. List the prime factors of d.
131
Let d be (19770/(20/4))/1. What are the prime factors of d/15 + 6/(-10)?
263
Suppose 0 = 4*k + 3*r - 11867, -k + 1893 + 1082 = -2*r. Suppose -3*c = -7*c + 5*u + k, 2966 = 4*c - 2*u. List the prime factors of c.
3, 13, 19
Let k = 29 - 20. Let b = -338 + 347. List the prime factors of (39/k - 4)*b*77.
3, 7, 11
Let w be (78/12)/(-13)*1*-8. Let x(b) = 9*b**3 - 5*b**2 + 22*b + 4. What are the prime factors of x(w)?
2, 3, 7
Let j be (-8 + 3 - -2) + 10. Suppose -9*d = -j*d + 1158. What are the prime factors of 12/16 + d/(-12)?
7
Let b = 18439 + -11901. List the prime factors of b.
2, 7, 467
Let m be 1829/15 - 10*(-13)/1950. Let t be -1 + 12 + 0/3. Suppose -3*y + 5*i = -m, t*i - 6*i = y - 34. List the prime factors of y.
2, 11
Suppose 4*d = -j + 21, 2*j = 3*d - 0*d - 13. Suppose -2*m - 2*b + 818 = 0, d*m = 2*b - b + 2069. What are the prime factors of m?
7, 59
List the prime factors of (-19581)/(-15)*(-11)/((-165)/75).
61, 107
Let l = -22 - -12. Let z be 1 + 8/l - 28/(-10). What are the prime factors of (-3)/9 - (-19)/z?
2, 3
Suppose -8*x - 2*x + 0*x + 34810 = 0. What are the prime factors of x?
59
Suppose 2*f - 5*u + 1050 = -f, -4*f - 2*u - 1374 = 0. Let z(a) = -23*a + 8. Let s be z(10). Let g = s - f. What are the prime factors of g?
3, 41
Let t = -1027 - -6215. List the prime factors of t.
2, 1297
List the prime factors of 8/28 - (-198064)/28.
2, 3, 131
Let g(u) = -u**3 + 7*u**2 + 2*u - 8. Let r be g(7). Suppose 5*t - 5 = 0, r*w - 4*w - 913 = t. What are the prime factors of w?
457
List the prime factors of ((-16)/(-12))/(81/54 - (-12734)/(-8490)).
2, 5, 283
Let k = 57 - 261. Let l = 388 - k. List the prime factors of l.
2, 37
Let l = -248 + 322. Suppose q = -l + 315. What are the prime factors of q?
241
Suppose -3*g - 5909 = -y, -162*y = -159*y + 4*g - 17649. List the prime factors of y.
43, 137
Let c(x) = -x**2 - 14*x + 942. Suppose -37*m + 2 = 2. List the prime factors of c(m).
2, 3, 157
Let p be (159/(-2) + 2)*20/(-1). Suppose 2*w + 211 = v - 303, -4*w - p = -3*v. What are the prime factors of v?
2, 3, 29
What are the prime factors of 4/40 + (-2676)/720*-1338?
4973
Suppose 3872 = 60*u + 1052. Suppose 2*k - d = 78, 4*d + 195 = 4*k + k. Let g = u - k. What are the prime factors of g?
2
What are the prime factors of 4701*1 - (8 + 2 + -9)?
2, 5, 47
Let m = 13 + -8. Suppose 0 = m*a - 17*a + 4176. List the prime factors of a.
2, 3, 29
Let d(f) = -100*f**3 - 5*f**2 + 11*f + 1. Let c be d(2). Let g = c - -1713. What are the prime factors of g?
2, 229
List the prime factors of (-180)/405 - (-499156)/36.
5, 47, 59
Suppose -217*y = p - 214*y - 10416, -5*p - 2*y + 52015 = 0. List the prime factors of p.
3, 3467
Let a be (3 - 3)/(1/(-1)). Suppose -5*z - 2*i + 3551 = 0, a = z + 3*i - 565 - 140. List the prime factors of z.
3, 79
Let v be (22/44)/(3/(-3060)). List the prime factors of v/40*-38*4/3.
2, 17, 19
Let q = 233 + -237. List the prime factors of ((-1)/(-2))/(q/(-8368)).
2, 523
Let g = 53459 + -37852. What are the prime factors of g?
15607
Let i(q) = -15*q**3 + 2*q**2 - q + 2. Let n be i(2). Let c(w) = 415*w + 4096. Let t be c(-10). What are the prime factors of t/(-4)*n/(-21)?
2, 3
Let f(l) = l - 5. Let n be f(11). Suppose n*z = 598 + 4232. What are the prime factors of z?
5, 7, 23
Let o(y) = 27 - 41 - y + 284*y**2 - 263*y**2. What are the prime factors of o(-4)?
2, 163
Let h = 11588 - 5980. What are the prime factors of h?
2, 701
Let y = 60518 + -28448. List the prime factors of y.
2, 3, 5, 1069
Suppose 41 = 2*o - 63. Let c = -37 + o. Let a(t) = t**3 - 14*t**2 - 7*t - 14. What are the prime factors of a(c)?
2, 53
Let h = 101 - 579. Let w = h + 743. Suppose 68 - w = -x. List the prime factors of x.
197
Suppose -i + 0*i - 4*h + 10 = 0, 0 = -2*i - 5*h + 14. Suppose -4*f = 5*u + 26, 2 + 0 = i*f - 5*u. List the prime factors of f/32 + 482/16.
2, 3, 5
Let q = 31395 - 8423. What are the prime factors of q?
2, 5743
Suppose 0 = -4*x + 10*x - 954. Suppose 5*d - 316 = x. Suppose -n = -5*y - 72, -y - 169 - d = -5*n. List the prime factors of n.
2, 13
Let s(t) = -230*t - 770. List the prime factors of s(-80).
2, 5, 41, 43
Suppose -3*z - 27375 = -9*z + 31677. What are the prime factors of z?
2, 7, 19, 37
Let d(k) = 5*k**2 - 7*k - 18. Let r be d(-18). Let b = r + -1179. What are the